{"id":112,"date":"2023-04-01T11:05:03","date_gmt":"2023-04-01T11:05:03","guid":{"rendered":"https:\/\/xml-io.proteusthemes.com\/medicpress\/?page_id=112"},"modified":"2023-04-13T12:48:01","modified_gmt":"2023-04-13T12:48:01","slug":"our-doctors","status":"publish","type":"page","link":"https:\/\/biyoestetik.com\/?page_id=112","title":{"rendered":"\u00dcr\u00fcnler"},"content":{"rendered":"<div id=\"pl-gb112-69e748bdeb191\"  class=\"panel-layout\" ><div id=\"pg-gb112-69e748bdeb191-0\"  class=\"panel-grid panel-no-style\" ><div id=\"pgc-gb112-69e748bdeb191-0-0\"  class=\"panel-grid-cell\" ><div id=\"panel-gb112-69e748bdeb191-0-0-0\" class=\"so-panel widget widget_pw_featured_page widget-featured-page panel-first-child panel-last-child\" data-index=\"0\" >\n\t<div class=\"page-box  page-box--block\">\n\t\t\t\t\t\t<a class=\"page-box__picture\" href=\"https:\/\/biyoestetik.com\/?page_id=285\">\n\t\t\t\t\t<img loading=\"lazy\" src=\"https:\/\/biyoestetik.com\/wp-content\/uploads\/2023\/10\/FlexHd.png\" width=\"215\" height=\"78\" srcset=\"https:\/\/biyoestetik.com\/wp-content\/uploads\/2023\/10\/FlexHd.png 215w, https:\/\/biyoestetik.com\/wp-content\/uploads\/2023\/10\/FlexHd.png 215w\" sizes=\"(min-width: 576px) 510px, (min-width: 768px) 690px, (min-width: 992px) 290px, (min-width: 1200px) 350px, calc(100vw - 30px)\" class=\"wp-post-image\" alt=\"Asel\u00fcler Dermal Matrix FlexHd - BellaDerm\">\n\t\t\t\t\t\t\t\t\t<\/a>\n\t\t\t\t\t\t\t\t<div class=\"page-box__content\">\n\t\t\t<h2 class=\"page-box__title\"><a href=\"https:\/\/biyoestetik.com\/?page_id=285\">Asel\u00fcler Dermal Matrix FlexHd &#8211; BellaDerm<\/a><\/h2>\n\t\t\t<p class=\"page-box__text\">FlexHD Asel\u00fcler Dermal Matrix\n\n\u00a0\nFlexHDAsel\u00fcler Dermal Matrix; i\u015flenerek epidermal ve dermal h\u00fccreleri \u00e7\u0131kar\u0131lm\u0131\u015f, insan allogreft &hellip;<\/p>\n\t\t\t\t\t\t\t<a href=\"https:\/\/biyoestetik.com\/?page_id=285\" class=\"page-box__more-link\">Daha fazla oku<\/a>\n\t\t\t\t\t<\/div>\n\t<\/div>\n\n<\/div><\/div><div id=\"pgc-gb112-69e748bdeb191-0-1\"  class=\"panel-grid-cell\" ><div id=\"panel-gb112-69e748bdeb191-0-1-0\" class=\"so-panel widget widget_pw_featured_page widget-featured-page panel-first-child panel-last-child\" data-index=\"1\" >\n\t<div class=\"page-box  page-box--block\">\n\t\t\t\t\t\t<a class=\"page-box__picture\" href=\"https:\/\/biyoestetik.com\/?page_id=176\">\n\t\t\t\t\t<img loading=\"lazy\" src=\"https:\/\/biyoestetik.com\/wp-content\/uploads\/2019\/01\/mtf-350x175.jpg\" width=\"350\" height=\"175\" srcset=\"https:\/\/biyoestetik.com\/wp-content\/uploads\/2019\/01\/mtf-350x175.jpg 350w, https:\/\/biyoestetik.com\/wp-content\/uploads\/2019\/01\/mtf.jpg 500w\" sizes=\"(min-width: 576px) 510px, (min-width: 768px) 690px, (min-width: 992px) 290px, (min-width: 1200px) 350px, calc(100vw - 30px)\" class=\"wp-post-image\" alt=\"Kostal Kartilaj Allogreft\">\n\t\t\t\t\t\t\t\t\t<\/a>\n\t\t\t\t\t\t\t\t<div class=\"page-box__content\">\n\t\t\t<h2 class=\"page-box__title\"><a href=\"https:\/\/biyoestetik.com\/?page_id=176\">Kostal Kartilaj Allogreft<\/a><\/h2>\n\t\t\t<p class=\"page-box__text\">Allogreft Kostal kartilaj \n\n\n\n\n\n\n\n\n\n\n\nMTF Biologics&#8217;in kostal k\u0131k\u0131rdak greftleri, revizyon rinoplasti prosed\u00fcrlerinde, rekonstr\u00fcktif (burun &hellip;<\/p>\n\t\t\t\t\t\t\t<a href=\"https:\/\/biyoestetik.com\/?page_id=176\" class=\"page-box__more-link\">Daha fazla oku<\/a>\n\t\t\t\t\t<\/div>\n\t<\/div>\n\n<\/div><\/div><div id=\"pgc-gb112-69e748bdeb191-0-2\"  class=\"panel-grid-cell\" ><div id=\"panel-gb112-69e748bdeb191-0-2-0\" class=\"so-panel widget widget_pw_featured_page widget-featured-page panel-first-child panel-last-child\" data-index=\"2\" >\n\t<div class=\"page-box  page-box--block\">\n\t\t\t\t<div class=\"page-box__content\">\n\t\t\t<h2 class=\"page-box__title\"><a href=\"\"><\/a><\/h2>\n\t\t\t<p class=\"page-box__text\"><\/p>\n\t\t\t\t\t\t\t<a href=\"\" class=\"page-box__more-link\">Daha fazla oku<\/a>\n\t\t\t\t\t<\/div>\n\t<\/div>\n\n<\/div><\/div><div id=\"pgc-gb112-69e748bdeb191-0-3\"  class=\"panel-grid-cell\" ><div id=\"panel-gb112-69e748bdeb191-0-3-0\" class=\"so-panel widget widget_pw_featured_page widget-featured-page panel-first-child panel-last-child\" data-index=\"3\" >\n\t<div class=\"page-box  page-box--block\">\n\t\t\t\t\t\t<a class=\"page-box__picture\" href=\"https:\/\/biyoestetik.com\/?page_id=255\">\n\t\t\t\t\t<img loading=\"lazy\" src=\"https:\/\/biyoestetik.com\/wp-content\/uploads\/2019\/01\/RENUVA-1-1-350x175.png\" width=\"350\" height=\"175\" srcset=\"https:\/\/biyoestetik.com\/wp-content\/uploads\/2019\/01\/RENUVA-1-1-350x175.png 350w, https:\/\/biyoestetik.com\/wp-content\/uploads\/2019\/01\/RENUVA-1-1.png 500w\" sizes=\"(min-width: 576px) 510px, (min-width: 768px) 690px, (min-width: 992px) 290px, (min-width: 1200px) 350px, calc(100vw - 30px)\" class=\"wp-post-image\" alt=\"Renuva Allogreft Ya\u011f Matrix\">\n\t\t\t\t\t\t\t\t\t<\/a>\n\t\t\t\t\t\t\t\t<div class=\"page-box__content\">\n\t\t\t<h2 class=\"page-box__title\"><a href=\"https:\/\/biyoestetik.com\/?page_id=255\">Renuva Allogreft Ya\u011f Matrix<\/a><\/h2>\n\t\t\t<p class=\"page-box__text\">Renuva Allogreft Adipz Matrix<\/p>\n\t\t\t\t\t\t\t<a href=\"https:\/\/biyoestetik.com\/?page_id=255\" class=\"page-box__more-link\">Daha fazla oku<\/a>\n\t\t\t\t\t<\/div>\n\t<\/div>\n\n<\/div><\/div><\/div><\/div>","protected":false},"excerpt":{"rendered":"","protected":false},"author":1,"featured_media":0,"parent":0,"menu_order":0,"comment_status":"closed","ping_status":"closed","template":"","meta":[],"acf":[],"_links":{"self":[{"href":"https:\/\/biyoestetik.com\/index.php?rest_route=\/wp\/v2\/pages\/112"}],"collection":[{"href":"https:\/\/biyoestetik.com\/index.php?rest_route=\/wp\/v2\/pages"}],"about":[{"href":"https:\/\/biyoestetik.com\/index.php?rest_route=\/wp\/v2\/types\/page"}],"author":[{"embeddable":true,"href":"https:\/\/biyoestetik.com\/index.php?rest_route=\/wp\/v2\/users\/1"}],"replies":[{"embeddable":true,"href":"https:\/\/biyoestetik.com\/index.php?rest_route=%2Fwp%2Fv2%2Fcomments&post=112"}],"version-history":[{"count":9,"href":"https:\/\/biyoestetik.com\/index.php?rest_route=\/wp\/v2\/pages\/112\/revisions"}],"predecessor-version":[{"id":1206,"href":"https:\/\/biyoestetik.com\/index.php?rest_route=\/wp\/v2\/pages\/112\/revisions\/1206"}],"wp:attachment":[{"href":"https:\/\/biyoestetik.com\/index.php?rest_route=%2Fwp%2Fv2%2Fmedia&parent=112"}],"curies":[{"name":"wp","href":"https:\/\/api.w.org\/{rel}","templated":true}]}}