{"id":255,"date":"2023-04-01T07:22:39","date_gmt":"2023-04-01T07:22:39","guid":{"rendered":"https:\/\/xml-io.proteusthemes.com\/medicpress\/?page_id=255"},"modified":"2023-09-19T14:40:11","modified_gmt":"2023-09-19T14:40:11","slug":"dr-pollar-troy","status":"publish","type":"page","link":"https:\/\/biyoestetik.com\/?page_id=255","title":{"rendered":"Renuva Allogreft Ya\u011f Matrix"},"content":{"rendered":"<h1><img loading=\"lazy\" class=\"size-full wp-image-992 aligncenter\" src=\"http:\/\/biyoestetik.com\/wp-content\/uploads\/2019\/01\/renuva.jpg\" alt=\"\" width=\"950\" height=\"415\" srcset=\"https:\/\/biyoestetik.com\/wp-content\/uploads\/2019\/01\/renuva.jpg 950w, https:\/\/biyoestetik.com\/wp-content\/uploads\/2019\/01\/renuva-300x131.jpg 300w, https:\/\/biyoestetik.com\/wp-content\/uploads\/2019\/01\/renuva-768x335.jpg 768w, https:\/\/biyoestetik.com\/wp-content\/uploads\/2019\/01\/renuva-600x262.jpg 600w\" sizes=\"(max-width: 950px) 100vw, 950px\" \/><\/h1>\n<p><\/p>\n<h2><span style=\"color: #c42bc4;\"><u><span lang=\"EN-US\">Renuva\u00ae \u2013Allogreft&nbsp;Adipoz&nbsp;Matrix<\/span><\/u><\/span><\/h2>\n<p><em><img loading=\"lazy\" class=\" wp-image-1293 alignleft\" src=\"http:\/\/biyoestetik.com\/wp-content\/uploads\/2019\/02\/renuva_syringe-300x300.jpg\" alt=\"\" width=\"229\" height=\"229\" srcset=\"https:\/\/biyoestetik.com\/wp-content\/uploads\/2019\/02\/renuva_syringe-300x300.jpg 300w, https:\/\/biyoestetik.com\/wp-content\/uploads\/2019\/02\/renuva_syringe-150x150.jpg 150w, https:\/\/biyoestetik.com\/wp-content\/uploads\/2019\/02\/renuva_syringe.jpg 768w, https:\/\/biyoestetik.com\/wp-content\/uploads\/2019\/02\/renuva_syringe-600x600.jpg 600w, https:\/\/biyoestetik.com\/wp-content\/uploads\/2019\/02\/renuva_syringe-100x100.jpg 100w\" sizes=\"(max-width: 229px) 100vw, 229px\" \/>(Kurutulmu\u015f, Enjektabl Allogreft Ya\u011f Matriksi)<\/em><\/p>\n<h1>Renuva nedir?<\/h1>\n<div>\n<p><strong>Renuva<\/strong>, ya\u015fa ba\u011fl\u0131 ya\u011f kayb\u0131n\u0131 v\u00fccudunuzun kendi ya\u011f\u0131yla de\u011fi\u015ftiren \u00e7\u0131\u011f\u0131r a\u00e7an bir tedavidir.&nbsp;<\/p>\n<p>Enjekte edildi\u011finde, Renuva yava\u015f yava\u015f v\u00fccudunuzun kendi ya\u011f\u0131yla de\u011fi\u015ftirilir.<\/p>\n<p>Renuva, y\u00fcz, el ve v\u00fccuttaki hacim kayb\u0131n\u0131 de\u011fi\u015ftirmek i\u00e7in g\u00fcvenli ve etkilidir.<\/p>\n<\/div>\n<h1>Renuva nerede kullan\u0131labilir?<\/h1>\n<p><em>Renuva<\/em>, ya\u011f kayb\u0131n\u0131n meydana geldi\u011fi hacmin yerini almak i\u00e7in do\u011fal olarak ya\u011f\u0131n bulundu\u011fu yerlerde enjekte edilir.&nbsp;<\/p>\n<p>Genellikle y\u00fcz ve ellerde ve v\u00fccudun b\u00f6lgelerindeki hacmi geri y\u00fcklemek i\u00e7in kullan\u0131l\u0131r.&nbsp;<\/p>\n<p>Tedavi ayr\u0131ca <strong><span style=\"color: #ff0000;\">s<\/span><\/strong>el\u00fclit \u00e7ukurlar\u0131n\u0131 silmek, <span style=\"color: #ff0000;\"><strong>l<\/strong><\/span>iposuction d\u00fczensizliklerini d\u00fczeltmek ve depresif izleri d\u00fczle\u015ftirmek i\u00e7in de yararl\u0131d\u0131r.&nbsp;<\/p>\n<p><\/p>\n<h1><img loading=\"lazy\" class=\" wp-image-1374 alignleft\" src=\"http:\/\/biyoestetik.com\/wp-content\/uploads\/2020\/04\/renuva-2-300x175.png\" alt=\"\" width=\"271\" height=\"158\" srcset=\"https:\/\/biyoestetik.com\/wp-content\/uploads\/2020\/04\/renuva-2-300x175.png 300w, https:\/\/biyoestetik.com\/wp-content\/uploads\/2020\/04\/renuva-2-600x351.png 600w, https:\/\/biyoestetik.com\/wp-content\/uploads\/2020\/04\/renuva-2.png 674w\" sizes=\"(max-width: 271px) 100vw, 271px\" \/>Renuva nas\u0131l \u00e7al\u0131\u015f\u0131r?<\/h1>\n<div>\n<p>Renuva, kendi ya\u011f\u0131n\u0131zla ayn\u0131 kollajenleri, b\u00fcy\u00fcme fakt\u00f6rlerini ve proteinleri i\u00e7erir.&nbsp;<\/p>\n<p>Enjekte edildi\u011finde, Renuva \u00f6n\u00fcm\u00fczdeki birka\u00e7 ay i\u00e7inde yava\u015f yava\u015f kendi ya\u011f h\u00fccrelerinizle de\u011fi\u015ftirilir.<\/p>\n<p>Enjeksiyon sonras\u0131, yeni kan damarlar\u0131 ve ya\u011f h\u00fccresi olu\u015fumu, cilt restorasyonu ile sonu\u00e7lan\u0131r.<\/p>\n<p>Bu da do\u011fal, gen\u00e7 ve sa\u011fl\u0131kl\u0131 g\u00f6r\u00fcnmenize yard\u0131mc\u0131 olur.<\/p>\n<\/div>\n<p><strong>\u0130\u00e7erik:&nbsp;Renuva\u00ae Allogreft Adipoze Matriks,<\/strong>&nbsp;<strong>kurutulmu\u015f&nbsp; allogref&nbsp;ya\u011f&nbsp;dokusu<\/strong>ndan olu\u015fur.<\/p>\n<p><img loading=\"lazy\" class=\"size-medium wp-image-1360 aligncenter\" src=\"http:\/\/biyoestetik.com\/wp-content\/uploads\/2020\/04\/renuva10mins-300x279.png\" alt=\"\" width=\"300\" height=\"279\" srcset=\"https:\/\/biyoestetik.com\/wp-content\/uploads\/2020\/04\/renuva10mins-300x279.png 300w, https:\/\/biyoestetik.com\/wp-content\/uploads\/2020\/04\/renuva10mins.png 407w\" sizes=\"(max-width: 300px) 100vw, 300px\" \/><\/p>\n<div class=\"img\">&nbsp;<\/div>\n<p class=\"sectionhead pink\" style=\"text-align: center;\"><span style=\"color: #000000;\">BAS\u0130T VE HIZLI PROSED\u00dcR !<\/span><\/p>\n<p style=\"text-align: center;\"><span style=\"color: #000000;\">T\u00fcm i\u015flem sadece <strong><span style=\"color: #ff0000;\">10 dakikada<\/span><\/strong> tamamlan\u0131r.<\/span><\/p>\n<div class=\"befAft\">\n<div class=\"row\">\n<div class=\"col-sm-6 module col-centered\">\n<h2>&nbsp;<span style=\"color: #0000ff;\">RENUVA&nbsp;<strong>\u00d6ZELL\u0130KLER:<\/strong><\/span><\/h2>\n<\/div>\n<\/div>\n<\/div>\n<div class=\"vidLinks\">\n<div class=\"row\">\n<ul>\n<li>Renuva<sup>\u00ae&nbsp;<\/sup>muayenehane ortam\u0131nda, k\u0131sa s\u00fcreli bir i\u015flemle, k\u00fc\u00e7\u00fck hacimli ya\u011f transfer uygulamalar\u0131nda idealdir. \u00d6rn.: Liposuction defektleri, k\u00fc\u00e7\u00fck yumu\u015fak doku defektleri, sel\u00fclit \u00e7ukurlar\u0131 ile \u015fakak ve yanaklardaki hacim kayb\u0131 ve eller.<\/li>\n<li>Renuva<sup>\u00ae<\/sup>&nbsp;i\u015flenmi\u015f ve kurutulmu\u015f ya\u011f dokusu,&nbsp;h\u00fccre d\u0131\u015f\u0131 matriksidir. (Adipose ECM)<\/li>\n<\/ul>\n<ul>\n<li>H\u00fccre D\u0131\u015f\u0131 Matriks; dokuya sa\u011flaml\u0131k ve esneklik sa\u011flamak ve h\u00fccrelere&nbsp;sinyal iletmekle sorumlu olan protein yap\u0131d\u0131r.<\/li>\n<li>Renuva<sup>\u00ae<\/sup>&nbsp;\u2019n\u0131n haz\u0131rlanmas\u0131&nbsp;h\u0131zl\u0131 ve kolayd\u0131r;<\/li>\n<li>Oda s\u0131cakl\u0131\u011f\u0131nda 2 y\u0131l kadar&nbsp;saklanabilir.<\/li>\n<li>Muayenehane ortam\u0131nda uygulamaya uygun olan Renuva<sup>\u00ae<\/sup>Anestezi alt\u0131nda kalmadan hastaya uygulanabilir,<\/li>\n<li>Di\u011fer dolgu maddelerinden farkl\u0131 olarak, Renuva<sup>\u00ae<\/sup>, hastan\u0131n kendi&nbsp;h\u00fccrelerinin enjekte edilen alanda&nbsp;yeniden b\u00fcy\u00fcmesine olanak sa\u011flar.<\/li>\n<li>Sonunda yeniden \u015fekillenerek (remodelizasyon) hastan\u0131n kendi&nbsp;dokusu haline gelir.<\/li>\n<li>Renuva<sup>\u00ae<\/sup>,&nbsp;sterilizasyonu&nbsp; USP &lt;71&gt; ko\u015fullar\u0131n\u0131 kar\u015f\u0131lar.<\/li>\n<li>Mikrobiyal ve viral&nbsp;red\u00fcksiyonun 10<sup>-6&nbsp;<\/sup>\u2018ya kadar sa\u011fland\u0131\u011f\u0131 do\u011frulanm\u0131\u015f ve onaylanm\u0131\u015ft\u0131r.<\/li>\n<li>MTF 30 y\u0131l\u0131 a\u015fk\u0131n deneyimi ve 8&nbsp;milyon greft da\u011f\u0131t\u0131m\u0131 ile rakipsiz bir g\u00fcvenlik siciline sahiptir.<\/li>\n<li>MTF, FDA, AATB ve EATB taraf\u0131ndan belirlenmi\u015f standartlar\u0131 kar\u015f\u0131layan ve&nbsp;a\u015fan<span style=\"color: #ff0000;\"><a style=\"color: #ff0000;\" href=\"https:\/\/www.biyodinamik.com.tr\/wp-content\/uploads\/MTF-ideal-Don%C3%B6r-se%C3%A7im-kriterleri-2018.pdf\" target=\"_blank\" rel=\"noopener noreferrer\">&nbsp;titiz don\u00f6r kriterlerine<\/a><\/span>sahiptir.<\/li>\n<\/ul>\n<p><em><strong>Renuva\u00ae Adipose Allograft Matrix \u00f6l\u00e7\u00fcleri ;<\/strong><\/em><\/p>\n<p>&nbsp; &nbsp; &nbsp;AP0001 Renuva\u00ae Allograft Adipose Matrix,&nbsp;<strong>1.5cc&nbsp;<\/strong><\/p>\n<p>&nbsp; &nbsp; &nbsp;AP0003 Renuva\u00ae Allograft Adipose Matrix,&nbsp;<strong>3cc<\/strong><\/p>\n<\/div>\n<p><img loading=\"lazy\" class=\"alignleft wp-image-2009\" src=\"https:\/\/www.biyodinamik.com.tr\/wp-content\/uploads\/Katalog.jpg\" alt=\"\" width=\"103\" height=\"37\"><\/p>\n<p><a href=\"https:\/\/www.biyodinamik.com.tr\/wp-content\/uploads\/MTF-Renuva-Katalog.pdf\" target=\"_blank\" rel=\"noopener noreferrer\"><span style=\"color: #ff0000;\">MTF Renuva Adipose Matrix Katalog<\/span><\/a><\/p>\n<p><strong>Literat\u00fcr ;<\/strong><span style=\"color: #800000;\">&nbsp;<\/span><a href=\"https:\/\/www.biyodinamik.com.tr\/wp-content\/uploads\/R-e-n-u-v-a-in-Foot.pdf\" target=\"_blank\" rel=\"noopener noreferrer\"><span style=\"color: #800000;\">Ayakta iyile\u015fmeyen yaralarda kullan\u0131m\u0131<\/span><\/a><\/p>\n<\/div>\n\n\n<p><\/p>\n","protected":false},"excerpt":{"rendered":"<p>Renuva Allogreft Adipz Matrix<\/p>\n","protected":false},"author":1,"featured_media":1188,"parent":112,"menu_order":0,"comment_status":"closed","ping_status":"closed","template":"","meta":[],"acf":[],"_links":{"self":[{"href":"https:\/\/biyoestetik.com\/index.php?rest_route=\/wp\/v2\/pages\/255"}],"collection":[{"href":"https:\/\/biyoestetik.com\/index.php?rest_route=\/wp\/v2\/pages"}],"about":[{"href":"https:\/\/biyoestetik.com\/index.php?rest_route=\/wp\/v2\/types\/page"}],"author":[{"embeddable":true,"href":"https:\/\/biyoestetik.com\/index.php?rest_route=\/wp\/v2\/users\/1"}],"replies":[{"embeddable":true,"href":"https:\/\/biyoestetik.com\/index.php?rest_route=%2Fwp%2Fv2%2Fcomments&post=255"}],"version-history":[{"count":56,"href":"https:\/\/biyoestetik.com\/index.php?rest_route=\/wp\/v2\/pages\/255\/revisions"}],"predecessor-version":[{"id":1463,"href":"https:\/\/biyoestetik.com\/index.php?rest_route=\/wp\/v2\/pages\/255\/revisions\/1463"}],"up":[{"embeddable":true,"href":"https:\/\/biyoestetik.com\/index.php?rest_route=\/wp\/v2\/pages\/112"}],"wp:featuredmedia":[{"embeddable":true,"href":"https:\/\/biyoestetik.com\/index.php?rest_route=\/wp\/v2\/media\/1188"}],"wp:attachment":[{"href":"https:\/\/biyoestetik.com\/index.php?rest_route=%2Fwp%2Fv2%2Fmedia&parent=255"}],"curies":[{"name":"wp","href":"https:\/\/api.w.org\/{rel}","templated":true}]}}